by y.
80
Let d(u) = -u**2 + 51*u - 335. Calculate the remainder when 654 is divided by d(8).
6
Suppose 490 = -0*g + 5*g. Suppose -2*z + r + 41 = 0, -z + 6*z - r - g = 0. Suppose -187 = -14*i + 12*i - 15*i. What is the remainder when z is divided by i?
8
Suppose -p + 5*m = -481, 2*p - 351 = -5*m + 536. Calculate the remainder when p is divided by 27.
24
Let a(q) = -q**3 + 11*q**2 + 143*q - 46. Calculate the remainder when a(16) is divided by 475.
12
Suppose n + 11*n - 3132 = -0*n. Calculate the remainder when 462 is divided by n.
201
Let b(s) = s**3 + 23*s**2 + 17*s - 19. Let h be b(-22). Let v = h - 91. Calculate the remainder when v + 0 - (-62 - -25) is divided by 20.
17
Suppose -5*v - t + 344 = -v, -2*t = 0. Suppose -303 = b - 313. Suppose -b*m + 84 = -v. Calculate the remainder when 31 is divided by m.
14
Let a be 0 - ((-3)/6 + (-28)/8). Let t = -28 + 31. What is the remainder when 12 is divided by a - ((4 - t)*-4 - -1)?
5
Let c = -19 - -43. Suppose -4*m - 4 + c = 0. Suppose 361 = 4*h + 313. Calculate the remainder when h is divided by m.
2
Let a be 423/(-6)*3/((-18)/(-4)). Let f = -105 - a. What is the remainder when (f*(3 + -2))/(-1) is divided by 20?
18
Suppose -4*v - 161 = 5*z - 478, -5*v = z - 391. Suppose 27 - 5 = 6*l - 26. What is the remainder when v is divided by l?
6
Let s = -61 + 85. Let d = 36 - s. What is the remainder when ((392/(-21))/(-14))/(4/207) is divided by d?
9
Suppose 3*v + 4*y = 1075, 111*v + 369 = 112*v - 4*y. Suppose 43 = -6*g + v. Calculate the remainder when 221 is divided by g.
9
Suppose 4 = -4*t, 2*n - 6*t - 48 = -2*t. Calculate the remainder when (5/4)/((-14195)/(-726784)) is divided by n.
20
Suppose 3*x = -0*x + 369. Calculate the remainder when x is divided by 33 + -3*(-1)/3 + (116 - 113).
12
Calculate the remainder when 1*-3 - (-2346)/23 is divided by 43.
13
Let r(i) = -i**2 + 9*i - 1. Let d be r(8). Suppose -d*m + 57 = -69. Let q = 11 + -4. What is the remainder when m is divided by q?
4
Suppose i - h = -14, -h = 3*i + 2*i + 100. Let y = 23 + i. Calculate the remainder when (-38)/12*-3 - y/8 is divided by 3.
0
Suppose 0 = -i - i - 5*v + 488, 4*i = -2*v + 1008. Let a = -5949 + 6036. What is the remainder when i is divided by a?
80
Suppose -66*g - 42859 = 168*g - 285985. What is the remainder when g is divided by 28?
3
Suppose 341 + 433 = 43*s. Let l(z) = z**3 - 16*z**2 - 32*z - 34. Calculate the remainder when 453 is divided by l(s).
35
Let m(i) = -2*i. Let o(s) = -85*s - 47. Let b(d) = -2*m(d) - o(d). Calculate the remainder when b(2) is divided by 46.
41
Suppose -23 - 1 = -6*y. Suppose 4*w = -w + 4*j + 620, -y*w + 496 = -5*j. Calculate the remainder when w is divided by (-76)/19 + (-68)/(-2) + 2.
28
Suppose 0 = 5*w - 2*v - 2248, -v = 18*w - 14*w - 1788. What is the remainder when w is divided by 60?
28
Suppose -4*u + 6 = 2*i, -5*i - 31 = -10*i - 2*u. Let c(b) = 25*b + 180. What is the remainder when c(i) is divided by 51?
49
Suppose -2*x + w + 4 = 1, -w = -1. Suppose -5*t + 18 = x*k, -2*t = t - 5*k + 14. Suppose t*l = 4*l - 110. Calculate the remainder when l is divided by 19.
17
Suppose -98*j + 85987 = -34455. Calculate the remainder when j is divided by 205.
204
Suppose 42 = 11*h + 3*h. Suppose 4*w - 90 = 3*w - 5*n, -5*w - h*n + 516 = 0. What is the remainder when w is divided by 29?
18
Let d = 7172 + -7153. Suppose -s + 144 = 3*s. What is the remainder when s is divided by d?
17
Suppose 179*x + 228*x - 961986 = 5*x. What is the remainder when x is divided by 30?
23
Suppose 10*y = 8*y - 2*u + 696, 3*y = -u + 1034. Calculate the remainder when y is divided by 22.
13
Suppose 370*i - 340*i - 5033 = 2377. What is the remainder when i is divided by 79?
10
Let t(p) = -3*p**2 + p + 840. Let q be t(0). Suppose 4*b + 11*b = q. Calculate the remainder when 223 is divided by b.
55
Suppose 2*s - 5*t - 22 = 0, -5*s = -6*s + 4*t + 14. Suppose -s*c = 6*c - 888. What is the remainder when c is divided by 27?
20
Let a(f) be the first derivative of -11*f**2/2 + 24. Let r(g) = -g + 1. Calculate the remainder when a(-3) is divided by r(-8).
6
Let x = 30826 + -30384. Calculate the remainder when x is divided by 140.
22
Let s(c) = -49*c + 461. Calculate the remainder when 539 is divided by s(9).
19
Let d(b) = b**3 - 7*b**2 + 4*b + 9. Let r be d(6). Calculate the remainder when (2 - 312/36)*(2 + (-87)/12) is divided by r - -22 - (1 - 0).
17
Suppose 0 = -14*u + 5306 - 854. Let t = u + -306. Calculate the remainder when 419 is divided by t.
11
Suppose 27440 = -13750*u + 13760*u. Calculate the remainder when u is divided by 12.
8
Suppose 4*k - 5*r + 2390 = 0, -k = -r + 4*r + 606. What is the remainder when 7/((-14)/k) + 12 + -15 is divided by 75?
72
Let c = -518 + 218. Let d = c + 387. Calculate the remainder when d is divided by 13.
9
Let d = 760 + -175. Let b = -556 + d. Calculate the remainder when 113 is divided by b.
26
Suppose -4*z - 5*g + 733 = -119, g = 0. Calculate the remainder when 165 is divided by z/15 + (-10)/50.
11
Let t(u) = -30*u + 2236. What is the remainder when t(17) is divided by 48?
46
Suppose -3*b + 3*s + 7296 = 0, 29*b - 30*b + 3*s + 2442 = 0. What is the remainder when b is divided by 90?
87
Let c(l) = 60*l**2 - 3*l. Let k(m) = -m**3 - 7*m**2 - 9*m + 6. Let d be k(-5). Calculate the remainder when 108 is divided by c(d).
51
Let k(w) = w**2 + 76*w + 1342. Calculate the remainder when k(-18) is divided by 95.
13
Let g = -9085 - -9116. Let d = -1 - -3. Suppose q - 163 = -d*i, -2*q + 14 = 3*i - 307. What is the remainder when q is divided by g?
29
Let a = 3032 + -1797. What is the remainder when a is divided by 103?
102
Let m(v) = 8*v - 151. What is the remainder when m(26) is divided by (3/(-6))/(2/(-116))?
28
Let i = -17 - -33. Let w(f) = 50*f**2 + 21*f + 29. What is the remainder when w(-1) is divided by i?
10
Suppose 3*h + 100556 = 11*h + 15*h. Calculate the remainder when h is divided by 14.
4
Let d(v) = 36*v - 1. Calculate the remainder when d(2) is divided by 38/(23*(-38)/(-437)).
14
Let m = -3 - -13. Suppose 0 = -14*d + 10*d + 20. Suppose -3*w = -6*w - k + 111, -4*w + d*k + 148 = 0. What is the remainder when w is divided by m?
7
Suppose -2*q + 41 = 4*b - 61, 0 = 4*b - 2*q - 90. Let o = 43 - b. Let r = -19 - -30. What is the remainder when o is divided by r?
8
Let m = 4027 + -3955. Calculate the remainder when 4677 is divided by m.
69
Let h(a) = -a**3 - 5*a**2 + 155*a - 484. Calculate the remainder when h(-28) is divided by 111.
110
Let b = -32 - -20. Let n be (b - -15)/((-14)/6 - -2). Calculate the remainder when 71 is divided by 486/(-9)*((-15)/n + -2).
17
Suppose 27*h = 29*h. Suppose w - 9 = s - 4, 0 = -w + 3*s + 5. Calculate the remainder when h/27 + 19/(-2)*-2 is divided by w.
4
Let w(v) = -5*v**2 + 129*v - 221. What is the remainder when 519 is divided by w(23)?
14
Calculate the remainder when (-9738)/(-20) - (-13)/130 is divided by 123.
118
Suppose 5*b - 133 = 3*z + 139, 0 = 3*z - 4*b + 274. Let h = z - -101. What is the remainder when 144 is divided by h?
4
Suppose 0 = 17*n - 16 - 1. Let c(l) = 71*l**3 + 2*l**2 - l - 1. What is the remainder when 206 is divided by c(n)?
64
Let c(w) = w**2 - 5*w - 32. Suppose 96 = -18*v - 48. Calculate the remainder when 285 is divided by c(v).
69
Calculate the remainder when 620 is divided by (2756/(-156) - -19)/(2*(-1)/(-231)).
4
Let a = -228 - -227. Calculate the remainder when 219 is divided by 3*a/(6/(-32)).
11
Let q = -50 + 50. Calculate the remainder when 439 is divided by (-2)/((4 - (6 - q))/22).
21
Let b(t) = t**3 + 9*t**2 + t + 43. Calculate the remainder when 727 is divided by b(0).
39
Let f(r) = 2*r**3 + 3*r**2 + 60*r - 25. What is the remainder when f(12) is divided by 74?
69
Let v(y) = -y**2 + 40*y + 120. Let d be v(43). Let t(u) = -17*u - 82. What is the remainder when 422 is divided by t(d)?
67
Suppose 4*z = 5*z - 39. Suppose 4*c + 2*w - 155 = 123, 0 = c + w - 67. What is the remainder when c is divided by z?
33
Let d = -41 + 183. Let t(q) = 11*q + 93. Let v(h) = -10*h - 94. Let p(i) = -3*t(i) - 4*v(i). What is the remainder when d is divided by p(-7)?
46
Let g(c) = c**2 - c + 5. Let s be g(4). Let w(u) = u**2 - 16*u - 1. Calculate the remainder when 30 is divided by w(s).
14
Let u = 31 + -9. Let l(v) = -3*v - v**3 - 20 - 3*v + 199*v**2 - 